emainder when 193700 is divided by 167?
147
Calculate the remainder when 3706 is divided by 1180.
166
Calculate the remainder when 14169 is divided by 25.
19
Calculate the remainder when 2344 is divided by 645.
409
What is the remainder when 6741 is divided by 230?
71
Calculate the remainder when 355156 is divided by 10.
6
Calculate the remainder when 1946 is divided by 1868.
78
What is the remainder when 2771 is divided by 2760?
11
What is the remainder when 236275 is divided by 440?
435
Calculate the remainder when 9375 is divided by 730.
615
What is the remainder when 15776 is divided by 123?
32
What is the remainder when 345175 is divided by 69021?
70
Calculate the remainder when 1327651 is divided by 311.
303
Calculate the remainder when 66996 is divided by 318.
216
Calculate the remainder when 14094 is divided by 1541.
225
Calculate the remainder when 3830 is divided by 384.
374
What is the remainder when 533832 is divided by 14?
12
Calculate the remainder when 4109 is divided by 798.
119
What is the remainder when 18183 is divided by 5950?
333
Calculate the remainder when 53804 is divided by 3.
2
What is the remainder when 452 is divided by 203?
46
What is the remainder when 1048719 is divided by 277?
274
What is the remainder when 146857 is divided by 738?
733
Calculate the remainder when 15411 is divided by 976.
771
Calculate the remainder when 27013 is divided by 1224.
85
What is the remainder when 93313 is divided by 46638?
37
What is the remainder when 242 is divided by 127?
115
What is the remainder when 12870 is divided by 6430?
10
Calculate the remainder when 111889 is divided by 1349.
1271
Calculate the remainder when 8588 is divided by 3744.
1100
Calculate the remainder when 84841 is divided by 824.
793
What is the remainder when 143016 is divided by 282?
42
What is the remainder when 661728 is divided by 27572?
0
What is the remainder when 37874 is divided by 364?
18
Calculate the remainder when 9679 is divided by 9439.
240
What is the remainder when 81989 is divided by 66?
17
What is the remainder when 174126 is divided by 58041?
3
Calculate the remainder when 40843 is divided by 16.
11
What is the remainder when 30468 is divided by 663?
633
What is the remainder when 1409 is divided by 240?
209
Calculate the remainder when 6028 is divided by 63.
43
Calculate the remainder when 11696 is divided by 21.
20
Calculate the remainder when 1621 is divided by 165.
136
What is the remainder when 5005 is divided by 2317?
371
What is the remainder when 182798 is divided by 252?
98
What is the remainder when 944 is divided by 453?
38
Calculate the remainder when 26162 is divided by 75.
62
What is the remainder when 12712 is divided by 110?
62
Calculate the remainder when 4078 is divided by 12.
10
Calculate the remainder when 13058 is divided by 6427.
204
Calculate the remainder when 213996 is divided by 25.
21
What is the remainder when 21113 is divided by 54?
53
Calculate the remainder when 11993 is divided by 2932.
265
What is the remainder when 369009 is divided by 19?
10
What is the remainder when 11392 is divided by 335?
2
Calculate the remainder when 66868 is divided by 10.
8
Calculate the remainder when 1391 is divided by 108.
95
What is the remainder when 26736 is divided by 27?
6
What is the remainder when 12453 is divided by 37?
21
What is the remainder when 4516 is divided by 20?
16
What is the remainder when 120267 is divided by 1449?
0
What is the remainder when 41781 is divided by 5222?
5
Calculate the remainder when 22369 is divided by 161.
151
What is the remainder when 12171 is divided by 34?
33
Calculate the remainder when 34553 is divided by 13.
12
Calculate the remainder when 38515 is divided by 54.
13
What is the remainder when 240567 is divided by 10?
7
What is the remainder when 254850 is divided by 198?
24
What is the remainder when 13724 is divided by 6531?
662
What is the remainder when 68013 is divided by 179?
172
Calculate the remainder when 302246 is divided by 33.
32
What is the remainder when 41534 is divided by 441?
80
What is the remainder when 45788 is divided by 509?
487
What is the remainder when 3864 is divided by 486?
462
Calculate the remainder when 276756 is divided by 629.
625
Calculate the remainder when 94067 is divided by 1451.
1203
Calculate the remainder when 160475 is divided by 3343.
11
Calculate the remainder when 8607871 is divided by 1478.
1477
Calculate the remainder when 44231 is divided by 19.
18
What is the remainder when 25824 is divided by 74?
72
What is the remainder when 1297 is divided by 16?
1
Calculate the remainder when 16512 is divided by 266.
20
What is the remainder when 3860 is divided by 117?
116
What is the remainder when 77169 is divided by 2487?
72
Calculate the remainder when 13327 is divided by 56.
55
What is the remainder when 3252 is divided by 733?
320
What is the remainder when 284487 is divided by 15?
12
What is the remainder when 2394 is divided by 148?
26
Calculate the remainder when 496556 is divided by 146.
10
What is the remainder when 14067 is divided by 201?
198
What is the remainder when 10593 is divided by 2313?
1341
What is the remainder when 10303 is divided by 304?
271
Calculate the remainder when 8554 is divided by 2122.
66
What is the remainder when 27447 is divided by 640?
567
Calculate the remainder when 17218 is divided by 5732.
22
What is the remainder when 487 is divided by 254?
233
Calculate the remainder when 797578 is divided by 633.
631
Calculate the remainder when 2291 is divided by 42.
23
What is the remainder when 351502 is divided by 46?
16
What is the remainder when 14912 is divided by 355?
2
What is the remainder when 288 is divided by 36?
0
What is the remainder when 763 is divided by 236?
55
What is the remainder when 190339 is divided by 11?
6
What is the remainder when 12251 is divided by 1001?
239
Calculate the remainder when 842 is divided by 323.
196
Calculate the remainder when 5880 is divided by 1948.
36
Calculate the remainder when 21883 is divided by 534.
523
What is the remainder when 6029 is divided by 435?
374
Calculate the remainder when 79708 is divided by 188.
184
What is the remainder when 38595 is divided by 7685?
170
What is the remainder when 33407 is divided by 144?
143
Calculate the remainder when 3187 is divided by 21.
16
What is the remainder when 4149 is divided by 360?
189
What is the remainder when 291179 is divided by 182?
161
What is the remainder when 42493 is divided by 2520?
2173
What is the remainder when 3497 is divided by 1732?
33
What is the remainder when 3949 is divided by 561?
22
What is the remainder when 5015 is divided by 172?
27
What is the remainder when 1418 is divided by 305?
198
What is the remainder when 6675104 is divided by 31?
29
Calculate the remainder when 541178 is divided by 67643.
34
What is the remainder when 1400 is divided by 1151?
249
What is the remainder when 3260807 is divided by 1295?
1292
What is the remainder when 4650 is divided by 999?
654
Calculate the remainder when 7317 is divided by 1799.
121
What is the remainder when 40954 is divided by 27?
22
What is the remainder when 8436 is divided by 6243?
2193
What is the remainder when 19084 is divided by 1192?
12
Calculate the remainder when 24417 is divided by 12207.
3
Calculate the remainder when 1093 is divided by 41.
27
What is the remainder when 2881 is divided by 50?
31
Calculate the remainder when 42088 is divided by 180.
148
Calculate the remainder when 21726 is divided by 1173.
612
What is the remainder when 54123 is divided by 3006?
15
What is the remainder when 44602 is divided by 18?
16
What is the remainder when 482 is divided by 15?
2
What is the remainder when 308604 is divided by 181?
180
What is the remainder when 139138 is divided by 69565?
8
Calculate the remainder when 1272 is divided by 61.
52
Calculate the remainder when 9099 is divided by 53.
36
Calculate the remainder when 206012 is divided by 654.
2
What is the remainder when 1382425 is divided by 70?
65
Calculate the remainder when 7249 is divided by 26.
21
What is the remainder when 6939 is divided by 537?
495
What is the remainder when 7101 is divided by 12?
9
Calculate the remainder when 27192 is divided by 469.
459
Calculate the rem